he units digit of x?
6
Let p(z) = 2*z + 14. What is the tens digit of p(8)?
3
Let z(n) = -1 + 4*n - n - 5*n + 9*n**2. Let x be -2 + -1*2/(-2). What is the units digit of z(x)?
0
Let q(r) = -r**3 - 5*r**2 + 11*r + 6. Suppose 5*a - 5*b + 55 = 0, -4*a = 2*b + 2*b + 12. What is the units digit of q(a)?
7
Let z(s) = 4*s**2 + 4*s + 3. What is the tens digit of z(-6)?
2
Let g(x) = -x**3 + 6*x**2 + 8*x + 10. What is the units digit of g(7)?
7
Suppose 4*v - 38 = -2*k, -3*k = -0*v + v - 37. Suppose -2*x + f + k = -42, 130 = 5*x - 2*f. What is the tens digit of x?
2
Let j be 0 + ((-9)/(-3))/3. Let t = j + 1. What is the units digit of (9/15)/(t/10)?
3
Let f = -62 + 132. What is the units digit of f?
0
Suppose g = 2*i - 4, 6*g = g + 3*i + 1. Suppose 27 = g*k - k. What is the tens digit of k?
2
Suppose -f = -1 - 0. Let x be (f/(-2))/((-2)/(-256)). What is the units digit of x/(-20) + (-2)/10?
3
Let m = 31 - -27. What is the tens digit of m?
5
Let c be (0 - 2)*6/(-3). Suppose -2*i + 84 = c*q, 89 = 2*i + 2*q + 3*q. What is the tens digit of i?
3
Let c(k) = -k**2 + 9*k - 7. Let n be c(6). Suppose 0 = 5*q - 2*q + 24. Let h = n + q. What is the units digit of h?
3
Let k(l) be the first derivative of -l**4/4 + 2*l**3 + l**2 - 5*l + 1. What is the units digit of k(6)?
7
Let n = -1 - -1. Suppose -2*w + 5*w - 9 = n. What is the units digit of w*2/3 - -1?
3
Let r(l) be the third derivative of 0*l + 2/15*l**5 + 0 - l**2 - 1/3*l**4 + 13/6*l**3 + 1/120*l**6. What is the units digit of r(-9)?
4
Suppose -u + 0 = -4*t + 9, 5*u - 5*t = 0. What is the units digit of u?
3
Let y(a) = -4*a**3 + 2*a**2 + 2*a - 1. Let s = -5 + 12. Let w(q) = 9*q**3 - 3*q**2 - 4*q + 1. Let f(u) = s*y(u) + 3*w(u). What is the units digit of f(5)?
6
Suppose 5*k = 3*k + 20. Let m be k*-4*1/10. Let l(w) = -2*w - 5. What is the units digit of l(m)?
3
What is the units digit of 12/(4 + 0) + -1?
2
Let z = 46 + -23. What is the tens digit of z?
2
Suppose -3*z + 9 = -0*z. Suppose 0*g = z*g - 45. What is the units digit of g?
5
What is the tens digit of 182 - 2 - (-1)/((-1)/(-4))?
8
Let b(c) = c**2 + 3*c - 2. Let o be b(-4). Let x(s) = -s**2 + 9*s + 4. Let y be x(9). Suppose -3*d = -y*u - o, 4*d - 3 + 0 = 5*u. What is the units digit of u?
1
Suppose 4*o = 2*f - 2, -5*o + 3*f - 6*f + 3 = 0. Let i = o - -7. What is the units digit of i?
7
Suppose -3*h = -h - 48. Let b = 38 - h. What is the units digit of b?
4
Suppose -2*v + 509 = 71. What is the hundreds digit of v?
2
What is the tens digit of -4 - ((3 - 26) + 3)?
1
Suppose 19 = -m + 50. Suppose 1 = -2*w + m. What is the tens digit of w?
1
Let o = 4 + -1. Suppose -o*p = s - 8, -5*s = 5*p - p - 7. Suppose 2*q + 15 = p*k, 2*k - 2*q - 10 = -6*q. What is the units digit of k?
5
Let x(g) = -g**3 + 7*g**2 - 2*g + 8. Let c be x(6). Suppose 5*p + 5 = u + 49, 3*p = 2*u + c. What is the units digit of p?
8
Suppose -4*s = -5*s + 27. Let y = s + -19. What is the units digit of y?
8
Suppose u = -d + 3*u + 6, -2*d - 6 = 2*u. Let i(m) = m + 7. What is the units digit of i(d)?
7
Let d(g) be the second derivative of g**7/2520 - g**6/144 + g**5/20 - g**4/6 - 2*g. Let m(k) be the third derivative of d(k). What is the units digit of m(5)?
6
Let f = -16 - -60. What is the tens digit of f?
4
Suppose -n + 1 = 0, 3*u - n - 3 = -10. Let m(g) = -g**3 + 2*g**2 - g. What is the tens digit of m(u)?
1
Suppose 6*d - 10 = 3*q + d, -3*q - 2*d = -4. Suppose q = t - 10 - 15. Suppose h + 4*h - t = 0. What is the units digit of h?
5
Let a be 1 - (-68)/(-2 - 0). Let b = a - -55. What is the units digit of b?
2
Let k(j) = j**3 + 2*j - 2. Suppose 0*n + 12 = -2*q + 4*n, 5*n - 16 = 2*q. Let z be k(q). Let w = z - -1. What is the tens digit of w?
1
Let o = 128 - 66. What is the tens digit of o?
6
Suppose 4*t - 6 = 3*t - 2*a, -4*t + 10 = a. Suppose -v + 5 = 5*i - 24, 3*v + 15 = t*i. What is the units digit of i?
6
Suppose 8*x + 2*x = 360. Let p = 11 + -6. Suppose -p*a = -a - x. What is the units digit of a?
9
Let n(m) be the first derivative of m**3/3 + 11*m**2/2 + 13*m + 3. What is the units digit of n(-11)?
3
Suppose -2*o - 5*f = -27, 2*o - 6*o - 5*f = -39. Let y be (-9)/(-6)*16/o. Suppose -12 = -y*i, 3*i - 7 = -3*n + 5*n. What is the units digit of n?
1
Suppose 353 = -5*h - 67. Let s = -59 - h. What is the units digit of s?
5
Suppose 1 = 4*n + 9. Let u = 2 - n. What is the units digit of u?
4
Let l be (-3)/(3/(-5)) + 0. Let k(f) = -2*f + 5. Let x be k(4). Let o = l - x. What is the units digit of o?
8
Suppose 11*w + 136 = 15*w. What is the tens digit of w?
3
Suppose -3*j - 8 = -2*c, 2*c - 7 = 5*j - 3. Suppose -3*h + c*h - 36 = 0. What is the units digit of h?
9
Suppose -5*s = -10*s + 1045. What is the units digit of s?
9
What is the hundreds digit of ((1 - -1) + 22)*(-126)/(-27)?
1
Let y(o) = -3*o + 2. Let k be y(-2). Suppose h - 6 = k. What is the tens digit of h?
1
Let q(b) be the first derivative of -b**3/3 - 4*b**2 - 4*b + 3. Let c(u) be the first derivative of q(u). What is the units digit of c(-8)?
8
Let c be 18/4 + (-2)/(-4). Suppose 2*u - c*u = -24. What is the units digit of u?
8
Let p = -14 - -208. What is the units digit of p?
4
Let c(o) be the first derivative of o**2/2 + 5. What is the units digit of c(2)?
2
Suppose 0*p - 18 = -3*p. Let q be 0*(2/(-1) - -1). What is the units digit of (1 - q)*(p + -2)?
4
Let z(h) = -3*h + 4*h + 7 + 0. What is the units digit of z(5)?
2
What is the hundreds digit of 1765/10 - 2/4?
1
Suppose 1659 = 7*v - 91. What is the hundreds digit of v?
2
Let d be (3 - 6) + -40 - -2. Let l = d + 72. What is the units digit of l?
1
Let m(a) be the first derivative of a**2 + 5*a + 4. What is the tens digit of m(6)?
1
Let y be -3*18*(-18)/4. Suppose -446 = -4*b + 2*w, -3*b + 96 = 3*w - y. Suppose 5*g - b = -42. What is the units digit of g?
4
Let g(q) = q**3 + 9*q**2 + 10*q - 1. Let i be g(-9). Let m = -46 - i. Let k = -27 + m. What is the units digit of k?
8
Let y(g) = -g**2 - 17*g - 17. What is the tens digit of y(-15)?
1
Let o(w) = w**3 + 4*w**2 + 3*w + 3. What is the units digit of o(-3)?
3
What is the tens digit of (-20)/8*-18 - 4?
4
Let y be 4/(-6) + (-88)/(-6). Let u = 0 + y. Let d = u - 7. What is the units digit of d?
7
Let i(k) = k**3 + 7*k**2 - 10*k - 12. What is the units digit of i(-8)?
4
Suppose 0 = 3*s - 20 - 7. What is the units digit of 6/s - (-1)/3?
1
Let r be (-14 + -2)/4 + 1. What is the tens digit of 80/r*12/(-10)?
3
Let w be ((-30)/4)/((-6)/(-60)). Let o = w + 116. What is the tens digit of o?
4
Suppose -k + f = -6*k + 23, -2*f - 10 = -4*k. What is the tens digit of (-2 - (33 - k))*-1?
3
Suppose -u + 0 + 45 = 0. What is the tens digit of ((-12)/(-15))/(2/u)?
1
Let c be ((-1)/(-4))/(4/(-16)). Let w(u) = -27*u - 1. What is the tens digit of w(c)?
2
Suppose -2*w + 0*w = -22. Let g(z) = -5*z - 3. Let v be g(-2). Let u = w - v. What is the units digit of u?
4
Suppose 5*y = -0*y + 125. Let h(q) = 2*q**2 + 5*q + 4. Let g be h(-4). Let r = y - g. What is the units digit of r?
9
Suppose -2*v = 5*q - 27 - 31, -v + 4*q + 3 = 0. What is the units digit of v?
9
Suppose 0 = -l + 4 - 0. Suppose -2*p - 19 = 3*a, -3*a + a - l*p - 26 = 0. Let j = 13 + a. What is the tens digit of j?
1
Let w = 309 + -167. What is the tens digit of w?
4
Let u(k) = 2*k**3 + 1 - 7*k**3 - 10*k + 4*k**3 + 14*k**2. What is the units digit of u(13)?
0
Suppose 5*l - 2*w - 29 = 0, -4 = -3*l - 2*w + 23. What is the units digit of l?
7
Let q(a) = 57*a + 4. What is the units digit of q(3)?
5
Let i = -5 + -1. Let t(k) = -4*k**2 - 5*k + 2. Let h(a) = 3*a**2 + 5*a - 1. Let n(p) = 3*h(p) + 2*t(p). What is the units digit of n(i)?
7
Let b be -18 + (-1)/2*-4. Let o = b + 23. What is the units digit of o?
7
Let g be ((-4)/5)/(6/(-90)). Let l(t) = -t**3 - 14*t**2 - 3*t - 19. Let c be l(-14). Let v = c - g. What is the units digit of v?
1
Let i be (-96)/(-10) + 6/(-10). Suppose -4*w + 3*s = -w + 3, i = -w + 5*s. What is the units digit of w?
1
Let l(b) = 4*b**3 - 5*b. Let p(v) = 5*v**3 - 6*v. Let a(g) = 6*l(g) - 5*p(g). Suppose -4*w + 4*y = 3*y + 4, -4*y = 4*w + 4. What is the units digit of a(w)?
1
Suppose 3*h - 197 = 934. What is the tens digit of h?
7
Let f(n) = -23*n - 1. What is the units digit of f(-1)?
2
Suppose -392 = -3*r - 4*r. What is the tens digit of (r/6)/(2/3)?
1
Let x = 4 + 3. Let d 